mmon factor of 517 and 352?
11
Calculate the highest common factor of 1240 and 4185.
155
What is the highest common factor of 36 and 27756?
36
What is the highest common factor of 96 and 36?
12
What is the greatest common divisor of 136 and 8024?
136
What is the greatest common factor of 273 and 77?
7
What is the greatest common factor of 39 and 195?
39
What is the greatest common divisor of 30085 and 110?
55
Calculate the greatest common divisor of 2830 and 5.
5
What is the greatest common factor of 459 and 34?
17
Calculate the greatest common divisor of 534 and 9.
3
What is the highest common divisor of 247 and 931?
19
What is the greatest common factor of 6530 and 5?
5
What is the highest common divisor of 624 and 52?
52
Calculate the greatest common divisor of 108 and 44.
4
What is the greatest common divisor of 2 and 6?
2
What is the highest common divisor of 795 and 75?
15
Calculate the greatest common divisor of 1005 and 60.
15
Calculate the highest common divisor of 7 and 1064.
7
What is the highest common divisor of 5 and 6495?
5
What is the highest common divisor of 15939 and 1242?
207
Calculate the highest common divisor of 20 and 620.
20
What is the greatest common divisor of 6777 and 18?
9
What is the greatest common divisor of 620 and 3260?
20
What is the highest common divisor of 33 and 87?
3
What is the greatest common divisor of 459 and 621?
27
Calculate the highest common factor of 4945 and 115.
115
Calculate the highest common divisor of 602 and 238.
14
Calculate the highest common factor of 25397 and 218.
109
What is the greatest common divisor of 38 and 3496?
38
Calculate the greatest common factor of 6750 and 54.
54
Calculate the greatest common factor of 45 and 39.
3
Calculate the highest common divisor of 219 and 48.
3
What is the greatest common factor of 176 and 55?
11
What is the greatest common divisor of 17 and 221?
17
What is the greatest common divisor of 3977 and 97?
97
What is the highest common divisor of 341 and 3193?
31
Calculate the greatest common factor of 295 and 413.
59
Calculate the greatest common divisor of 3 and 2571.
3
Calculate the greatest common divisor of 48 and 1164.
12
What is the greatest common factor of 3196 and 51?
17
Calculate the highest common factor of 27 and 30546.
9
Calculate the greatest common divisor of 136 and 524.
4
What is the highest common divisor of 6350 and 10?
10
Calculate the greatest common factor of 102 and 782.
34
Calculate the greatest common factor of 4320 and 600.
120
What is the greatest common divisor of 204 and 16830?
102
Calculate the highest common factor of 88 and 1408.
88
What is the highest common factor of 392 and 686?
98
Calculate the highest common factor of 88 and 11286.
22
What is the highest common factor of 432 and 378?
54
What is the greatest common divisor of 208 and 520?
104
What is the greatest common factor of 108 and 264?
12
What is the greatest common factor of 31 and 1?
1
Calculate the highest common factor of 6 and 402.
6
Calculate the greatest common divisor of 8427 and 318.
159
Calculate the greatest common divisor of 3860 and 60.
20
What is the highest common divisor of 31 and 3968?
31
What is the highest common factor of 1457 and 141?
47
What is the greatest common factor of 1105 and 65?
65
Calculate the highest common divisor of 25164 and 108.
108
Calculate the highest common divisor of 1188 and 378.
54
What is the greatest common divisor of 19 and 42047?
19
Calculate the highest common divisor of 741 and 4731.
57
What is the highest common factor of 46 and 437?
23
What is the greatest common factor of 72 and 256?
8
What is the greatest common divisor of 3657 and 46?
23
What is the greatest common factor of 230 and 160?
10
Calculate the highest common factor of 3564 and 96.
12
What is the highest common factor of 2091 and 123?
123
Calculate the highest common factor of 2125 and 85.
85
Calculate the highest common factor of 59 and 9.
1
Calculate the highest common factor of 90043 and 127.
127
What is the highest common divisor of 10912 and 48?
16
What is the greatest common divisor of 1739 and 37?
37
Calculate the greatest common factor of 121 and 11.
11
Calculate the highest common divisor of 10 and 1190.
10
Calculate the greatest common factor of 9177 and 46.
23
Calculate the greatest common factor of 172 and 28.
4
What is the highest common divisor of 42 and 518?
14
What is the greatest common factor of 56 and 28?
28
Calculate the greatest common factor of 168 and 462.
42
Calculate the greatest common factor of 1519 and 98.
49
Calculate the highest common factor of 452 and 8.
4
Calculate the highest common factor of 352 and 44.
44
What is the greatest common factor of 24 and 276?
12
Calculate the greatest common divisor of 13 and 403.
13
Calculate the highest common factor of 624 and 572.
52
Calculate the greatest common divisor of 44 and 32.
4
Calculate the highest common factor of 54 and 3564.
54
Calculate the highest common factor of 252 and 63.
63
What is the highest common factor of 84 and 48?
12
Calculate the highest common factor of 5100 and 2244.
204
What is the greatest common divisor of 8 and 16648?
8
Calculate the highest common divisor of 11592 and 161.
161
Calculate the highest common divisor of 3645 and 180.
45
Calculate the greatest common factor of 12 and 24.
12
What is the greatest common factor of 280 and 120?
40
What is the greatest common factor of 23 and 1863?
23
Calculate the greatest common divisor of 7 and 903.
7
What is the greatest common divisor of 30 and 5010?
30
What is the highest common factor of 26 and 1053?
13
Calculate the highest common divisor of 11818 and 19.
19
What is the highest common divisor of 24 and 48?
24
What is the greatest common divisor of 4044 and 12?
12
What is the highest common factor of 170 and 442?
34
Calculate the greatest common divisor of 84 and 1428.
84
Calculate the greatest common divisor of 51 and 9.
3
What is the highest common divisor of 20 and 11380?
20
Calculate the highest common divisor of 10 and 134.
2
What is the highest common divisor of 335 and 2?
1
What is the greatest common factor of 5 and 6650?
5
Calculate the greatest common factor of 149 and 12069.
149
What is the highest common factor of 355 and 20?
5
What is the greatest common factor of 84 and 2478?
42
Calculate the highest common divisor of 94 and 5311.
47
What is the greatest common factor of 660 and 2112?
132
What is the highest common factor of 1160 and 940?
20
Calculate the highest common divisor of 190 and 342.
38
Calculate the greatest common divisor of 125 and 275.
25
Calculate the greatest common factor of 294 and 24843.
147
What is the highest common divisor of 100 and 17050?
50
What is the highest common factor of 40 and 1620?
20
What is the highest common divisor of 1634 and 190?
38
Calculate the greatest common factor of 3692 and 852.
284
What is the highest common factor of 36 and 7566?
6
What is the highest common factor of 1576 and 4531?
197
Calculate the highest common factor of 56 and 21.
7
What is the highest common divisor of 196 and 826?
14
Calculate the greatest common divisor of 16834 and 38.
38
What is the highest common divisor of 21 and 14?
7
What is the highest common factor of 72 and 90?
18
Calculate the highest common divisor of 4284 and 119.
119
Calculate the greatest common factor of 11265 and 75.
15
Calculate the greatest common factor of 567 and 336.
21
What is the highest common divisor of 108 and 12?
12
Calculate the greatest common divisor of 45 and 345.
15
What is the highest common divisor of 43 and 989?
43
What is the highest common factor of 50 and 1850?
50
What is the highest common divisor of 5291 and 429?
143
Calculate the highest common divisor of 2560 and 400.
80
What is the greatest common divisor of 280 and 3304?
56
Calculate the highest common factor of 52 and 923.
13
Calculate the greatest common factor of 108 and 729.
27
What is the highest common divisor of 3239 and 123?
41
Calculate the highest common divisor of 156 and 208.
52
What is the greatest common factor of 1645 and 245?
35
What is the highest common divisor of 533 and 143?
13
What is the greatest common factor of 19 and 2584?
19
What is the greatest common factor of 1062 and 72?
18
Calculat